/10). Is p(s) a prime number?
False
Suppose -136092 = -4*m - 2*n, m - 6*m + 170097 = -2*n. Is m composite?
True
Let f = -355 - -375. Suppose -18404 = 16*l - f*l. Is l composite?
True
Suppose 5*x - 1963 = 2*x - y, -3271 = -5*x - y. Suppose 3*b - 2*q + 1354 = -3*q, -5*q + 931 = -2*b. Let c = x + b. Is c a composite number?
True
Is 918928/10 + (-9)/(-10)*(-18)/(-81) prime?
False
Suppose -4*f + 991 = -g + 3340, -2*f + 9396 = 4*g. Suppose 3*i + h = 1411, -5*i - 9*h = -8*h - g. Is i prime?
False
Is 36/42 - 39001858/(-98) prime?
False
Suppose -11*w + 9*w + 42 = 0. Let u = -22 + w. Is (-3 - u)/((-28)/41986) a prime number?
True
Suppose -12 = -4*h, 0 = -3*y - 2*h - 0*h + 1881. Suppose -3*z - 5*i - 203 = -y, 275 = 2*z - 3*i. Is (z/(-4))/((-1)/12) prime?
False
Suppose 29758 = 11*k + 3996. Suppose 0 = -5*s + 5163 + k. Is s prime?
False
Suppose -13*n - 4 = -9*n. Is 2052 + (3 - n) + -5 prime?
False
Let y be (-11 + 13)*3044/2. Let w = -2051 + y. Is w composite?
True
Let f be 7 + -16 + (7 - 2). Is 3 - (0 + -4 - (f - -3296)) a composite number?
False
Suppose -2*r + 5*z + 24 = 0, 1 = -4*r + z + 13. Let w(u) = -u**r - u**3 + 5*u - 25*u + 8*u - 1 - 15. Is w(-7) composite?
True
Let o = -35 + 33. Let y be ((-14)/21)/(o/54). Is ((-6492)/y)/(2/(-3)) composite?
False
Suppose 36 = 13*n - 3. Suppose 1434 = -2*b - 4*o, -n*b = 8*o - 9*o + 2158. Let u = b + 1305. Is u a composite number?
True
Let i(j) = -6*j**2 + 3*j + 7. Let x = -13 - -8. Let g be i(x). Let k = g - -841. Is k a composite number?
False
Suppose 7*a - 80144 - 423718 - 739205 = 0. Is a composite?
True
Suppose -2*m - 5*w - 12 = -9*w, 6*w + 94 = -5*m. Is (-104010)/(-35)*m/(-4) prime?
False
Suppose 5*q + 33937 = -4*z, 5*z + 0*q + q + 42395 = 0. Let d = z + 13956. Is (-4)/(-6)*d/44 a composite number?
False
Is (7 - (7 + -4))/((-4)/(-13656464)*16) composite?
False
Let r(s) = -s**2 - 8*s - 10. Let f be -1 + (-10)/5*2. Let b be r(f). Suppose 2334 = h + b*h. Is h composite?
False
Suppose -10*i + 6 + 134 = 0. Let m(j) = -j**3 + 16*j**2 - 21*j + 9. Let f be m(i). Let a = f - 30. Is a a prime number?
False
Let p(b) = -718*b + 2. Let k be p(-5). Suppose 3*a = w - 710, -5*w = -0*w - a - k. Is w prime?
True
Let u be 2742*13 + 4 + -6. Suppose -6172 = -8*v + u. Is v a prime number?
True
Let g(a) = -2*a**3 + 9*a**2 - 19*a + 19. Let l be g(-10). Let c = 5928 - l. Is c a composite number?
False
Suppose 160 = 9*f - 20. Let h = 20 - f. Is (2 - (-581)/(-2))*(h - 6) a composite number?
True
Let h be 2/(24/15 + -2). Suppose -25*i + 14*i = -52745. Is (-2*i)/h + -3 composite?
True
Suppose 3*o - 5*d = 1067, 4*o - 4*d = d + 1426. Let f = o + 251. Let b = 1001 - f. Is b a composite number?
True
Let f = 7 - 5. Let y be (-3)/(f + (-21)/6). Suppose -y*x = 4*m - 286, -m = -4*x + 4*m + 572. Is x a prime number?
False
Suppose 5*t + 60 = 5*u, -2*u + t + 14 = -3*t. Let k = -15 + u. Suppose g - 35 - 18 = 4*x, -k*g + 70 = x. Is g prime?
True
Let k = -356 + 362. Suppose 0 = -v - 5, x + 4*v - k*v = 1211. Is x a prime number?
True
Let f(h) = h**3 - 2*h**2 - h - 10. Let b be f(5). Suppose 898 - b = g. Is g prime?
False
Let j(i) = 315*i**3 - 5*i**2 - 16*i + 11. Is j(7) composite?
False
Let v = 811 + -807. Suppose 5*f - 2*s - 131455 = 0, 2*s - 23036 + 128198 = v*f. Is f composite?
False
Let l be (-3 + 147/9)/((-2)/6). Is (-3 - 4/4)*11210/l a prime number?
False
Let o(u) = -17*u + 1691. Let t be o(0). Let a = -4664 - -7493. Suppose -8*g + t = -a. Is g a composite number?
True
Let u = -8 - -6. Let x be 2 + (u - (3 + -1 + -4)). Suppose c = 4*b + 62, 5*b + 3 = x*b. Is c composite?
True
Let c = 332 + 2418. Let z = c - 519. Is z a composite number?
True
Suppose 9*q - 72 + 54 = 0. Suppose q*f + 70186 = 4*d, -5*d + 10*d - 87736 = -f. Is d composite?
True
Suppose -66*g - 833691 = -34*g - 35*g. Is g composite?
False
Let l = -6437 - -3410. Is l*(66/(-9) + 7) composite?
False
Let y(h) = 6*h**2 - 2*h - 13. Let c = -55 - -51. Let n be y(c). Suppose 134 = 9*s - n. Is s a composite number?
True
Suppose 4*w + 6668 = 4*i, 56*w + 5*i = 60*w + 6664. Let l be (-2)/3 + (-1678)/3. Let s = l - w. Is s a prime number?
False
Let g be 3*(20/(-12))/(-1). Suppose -2*f + 4*z - g = f, -5*f - z = -7. Is (-97506)/(-36) + f/(4/(-6)) prime?
True
Suppose -11248162 = -4*m - 10*m - 39104. Is m composite?
False
Is (-3)/(12/4358)*(-44270)/95 composite?
True
Is -582*(-13219)/14 - (-42)/147 a prime number?
True
Let i(a) = -68*a - 202*a - 73 + 16. Is i(-13) composite?
True
Let s be 2/(-3)*408696/16. Let b = -4622 - s. Is b prime?
False
Suppose 0*k = 5*k - 5, 0 = -5*d + 3*k + 18142. Suppose 1344 = i + 4*v + 433, 4*i = -v + d. Is i prime?
True
Let b = -16094 + 40593. Suppose 0*s + b = s. Is s composite?
False
Let p(w) = -6*w - 94. Let c(q) = 2*q + 31. Let o(l) = 16*c(l) + 5*p(l). Let j be o(-16). Is 1/j - (320476/(-24))/13 prime?
False
Let k(z) = -185957*z - 20161. Is k(-28) prime?
False
Let f be 407/66 - ((-5)/6 - -1). Suppose f*r = 3*r + 10116. Let o = -2291 + r. Is o composite?
True
Suppose -50*x - 92*x + 14543501 = -45*x. Is x composite?
True
Let p = 10916 + -9765. Is p a composite number?
False
Let g(j) = -3*j - 4. Let l be g(13). Let o = l - -5014. Is o composite?
True
Let r(p) = 31*p + 71. Let v be 5 - 72/(2 - 4). Suppose -46*k = -v*k - 110. Is r(k) a composite number?
True
Let n(t) = -4*t + t + 1 + 0*t - 40. Let w be n(-13). Suppose -19*v + 21*v - 1738 = w. Is v prime?
False
Let g(u) = -u**3 - 141*u**2 - 501*u - 1490. Is g(-147) composite?
True
Let w(v) = -83*v - 50. Let i(a) = -a - 1. Let j(y) = -3*i(y) + w(y). Is j(-10) a prime number?
False
Let w = 1956 - -586. Is 1*3 + w/31 prime?
False
Suppose 0 = 4*a - 0*d + 4*d - 12, -2*a = -d - 6. Suppose -3*f = -a*g + 2*g - 4911, -1648 = -f + 4*g. Let z = f + 277. Is z composite?
False
Let a(o) = 40*o**2 + 461*o + 14. Is a(-13) a composite number?
True
Let f(u) = -2*u**2 - 5*u - 7. Let h be f(-2). Suppose 5*x - 2460 = 2*i, 0 = -4*i + 5*i + 3*x + 1208. Is i/8*6/h a composite number?
True
Let o = -409 + 411. Is (2756 - o) + (34 - 29) composite?
True
Let g(z) = 3*z**3 + 212*z**2 + 55*z + 89. Is g(-65) a prime number?
False
Let i be (-6)/(-16) + (-17381)/(-8). Let x = 754 + i. Is x a composite number?
False
Let c(h) = 282*h + 91. Let w be c(-19). Let g = 8482 + w. Is g prime?
False
Is ((-236492)/8 + 24 + -28)/((-2)/4) a prime number?
False
Suppose -152*d + 146*d + 210858 = 0. Is d + 12*(-2)/(-4) a composite number?
False
Let z = 435 - 1077. Let w = 809 - z. Is w prime?
True
Let c(x) = x**2 - x - 4. Let z be c(-3). Let v(s) = 710*s + 75. Is v(z) a composite number?
True
Let y be (-1*1*-1)/(-29 - -30). Let g(h) = 4256*h**2 + 3*h - 1. Let d be g(y). Suppose 4016 + d = 6*v. Is v a composite number?
True
Is (-55)/11 + 27803 + 1 prime?
True
Let r = 20 - 28. Let q be ((-2)/r)/((-3)/(-108)). Suppose q*t = 4*t + 12515. Is t prime?
True
Let z(u) = -u + 9. Let p be z(4). Suppose -4*o = p*j - 27, 5*j - 18 = j - 2*o. Is 2 + j/(-2) - (-15325)/50 composite?
False
Let w = -46 - -41. Let s(n) be the second derivative of -3*n**3/2 - 4*n**2 - 17*n. Is s(w) a composite number?
False
Suppose 23 = 5*g + 2*m, 0*g = g + m - 7. Suppose 6*b - 3*b = -k + 3502, g*b - 3500 = -2*k. Suppose b + 701 = 3*l. Is l prime?
False
Let c(p) be the third derivative of -p**5/60 + 5*p**4/8 - p**3/2 + 21*p**2. Let h be c(15). Let t(s) = -146*s + 5. Is t(h) composite?
False
Let h = -5398 - -9341. Is h a composite number?
False
Let m(v) = -281*v + 1. Let l(o) = o. Let q(w) = -2*l(w) - m(w). Let j(r) = r**2 + 13*r + 44. Let g be j(-7). Is q(g) prime?
True
Let a(g) = 11197*g**2 - 38*g + 212. Is a(5) a composite number?
True
Let h(l) = -2705*l**3 + l**2 - 8*l - 15. Let b(v) = 1352*v**3 + 4*v + 7. Let k(r) = -13*b(r) - 6*h(r). Is k(-2) prime?
False
Let b be -10*((-861)/(-6) + 0). Let m = b - -3212. Is m a composite number?
False
Suppose -2*q = 3*m - 146257, 4*q + m - 292499 = -2*m. Is q a prime number?
True
Suppose 11*h - 119 = 101. Is (-100)/h - (-5360 - (3 + -1)) a composite number?
True
Let v = -2358 - -12205. Let b = 266 + v. Suppose -b = -3*a - 0*a. Is a a prime number?
True
Let l(b) = 2*b**2 + 28*b + 7. Let q be l(-14). Let d be -3 + (692*q - 0). Suppose -d = -7*f + 8340. Is f a prime number?
False
Suppose 0 = 30*s - 574 + 214. Is -1 - (-31196)/s - (-4)/12 a prime number?
False
Let v(m) = 